Convert -9979aa (base 11) to base 13.
-439688
What is -113103003 (base 5) in base 14?
-d7288
What is -131671 (base 11) in base 13?
-73366
Convert -11645235 (base 9) to base 13.
-1246b83
4180986 (base 10) to base 3
21212102020100
2786c (base 15) to base 14
342b7
7630 (base 8) to base 11
2aaa
21301501 (base 6) to base 13
190b40
Convert 22104215 (base 6) to base 15.
d11c2
Convert -3731861 (base 11) to base 5.
-3130111304
Convert -8a1132 (base 13) to base 2.
-1100011011011111111001
-76a38 (base 11) to base 15
-23184
Convert -1110103113 (base 4) to base 7.
-2635500
Convert -221431334 (base 6) to base 15.
-54079d
What is -1011000011011 (base 3) in base 10?
-610285
What is 16255833 (base 9) in base 5?
4040024331
120782 (base 10) to base 7
1012064
-94e91a (base 15) to base 12
-2458967
Convert -1020012010020 (base 3) to base 4.
-2133133113
Convert 100132555 (base 6) to base 14.
32083d
Convert 2216644 (base 7) to base 12.
112481
What is -a515b (base 16) in base 2?
-10100101000101011011
What is -27a7a (base 11) in base 6?
-504412
5776b4 (base 14) to base 16
2d730e
What is -7858e (base 16) in base 4?
-1320112032
Convert 4311241 (base 5) to base 9.
120643
13403 (base 5) to base 8
2117
Convert 4022366 (base 7) to base 2.
1110100010001110111
Convert 2680a (base 13) to base 9.
118268
What is -1085b0 (base 15) in base 2?
-11000000010011010001
Convert 7612745 (base 8) to base 3.
10211111112122
-21464051 (base 8) to base 4
-101212200221
303143010 (base 5) to base 14
23c4a7
1201221210100 (base 3) to base 9
1657710
What is 1469091 (base 12) in base 16?
3ee32d
510387 (base 10) to base 7
4224003
Convert 308384 (base 14) to base 9.
3063310
-11024431 (base 5) to base 15
-1d4e6
What is 306af (base 16) in base 10?
198319
What is 196599 (base 13) in base 7?
5314110
Convert -12044104 (base 5) to base 8.
-333424
Convert 1d4b6 (base 14) to base 15.
17372
What is -254836 (base 10) in base 4?
-332031310
What is -3776061 (base 8) in base 13?
-2a8aa9
4a661 (base 14) to base 12
89651
Convert -133221 (base 11) to base 15.
-41edc
Convert -12344122 (base 5) to base 4.
-131232323
Convert -89c638 (base 13) to base 5.
-1313123233
What is -431a70 (base 15) in base 2?
-1100001100000011100001
-313110440 (base 5) to base 12
-5288b5
Convert 96bd83 (base 16) to base 3.
200120220022202
Convert 2166442 (base 7) to base 4.
1001213323
-12601737 (base 9) to base 14
-b76027
-26600 (base 12) to base 10
-52704
-b8100b (base 14) to base 6
-341240431
-17112705 (base 8) to base 12
-13b58b1
What is 9407c2 (base 14) in base 11?
2902315
-35587128 (base 9) to base 3
-1012122221010222
What is -190c343 (base 13) in base 2?
-11111010000110100101100
Convert 8425 (base 13) to base 4.
10131223
Convert 5611959 (base 11) to base 8.
45425124
What is 936171 (base 11) in base 8?
5564577
What is -5451772 (base 9) in base 7?
-33612116
What is -456635 (base 14) in base 12?
-95a433
What is 30253a (base 12) in base 5?
143010333
What is -12042340 (base 5) in base 2?
-11011011001011100
324b40 (base 12) to base 3
1111110121110
Convert 11000002120 (base 3) to base 7.
445512
What is 630152 (base 7) in base 11?
74271
1291032 (base 13) to base 7
100354146
-18282328 (base 9) to base 10
-9206810
Convert -39c11 (base 16) to base 4.
-321300101
Convert 423747 (base 9) to base 13.
8a9a6
11964 (base 10) to base 9
17363
Convert 44432120 (base 7) to base 4.
32221133030
What is -201023223312 (base 4) in base 16?
-84baf6
Convert -625540 (base 7) to base 16.
-1a470
-8b95 (base 13) to base 4
-10301211
11349438 (base 10) to base 5
10401140223
-12101212100 (base 3) to base 15
-21790
Convert -3311553 (base 6) to base 2.
-101000010010011101
Convert -3410401211 (base 5) to base 8.
-34521151
-43306156 (base 7) to base 8
-16071750
110100110100111000 (base 2) to base 16
34d38
Convert -36541 (base 11) to base 12.
-264bb
-5ba362 (base 12) to base 16
-16bc7a
Convert -144b94 (base 12) to base 9.
-567824
Convert -54255421 (base 6) to base 15.
-21bd9d
2530214 (base 7) to base 11
203460
-517369 (base 10) to base 14
-d678d
Convert -522131 (base 6) to base 2.
-1010001111100111
Convert -102844 (base 11) to base 3.
-22100222002
122701 (base 11) to base 7
1435066
46887 (base 16) to base 10
288903
Convert 13485316 (base 9) to base 11.
38461a7
-1010112221211 (base 3) to base 11
-380921
What is -71640b (base 12) in base 11?
-1001517
Convert -62467 (base 13) to base 6.
-3441121
-464323 (base 7) to base 5
-10130140
What is 3140431243 (base 5) in base 10?
6577073
6624527 (base 8) to base 4
12302211113
Convert -110313211330 (base 4) to base 14.
-a25924
What is -11001000110101111100 (base 2) in base 6?
-25344324
Convert -460435 (base 8) to base 5.
-14442213
342103 (base 8) to base 14
3029d
Convert 26c3bab (base 13) to base 3.
212000111002221
-67a83b (base 16) to base 9
-13703553
1111101011101111101101 (base 2) to base 7
46642263
46363 (base 10) to base 11
31919
What is 434463 (base 10) in base 8?
1520437
10111001 (base 4) to base 8
42501
What is -11101000101011000100100 (base 2) in base 12?
-2678204
What is -27a70 (base 13) in base 5?
-4334112
5762528 (base 9) to base 3
12212002120222
What is -131362 (base 7) in base 9?
-36601
What is -19565 (base 14) in base 7?
-355055
Convert -771509 (base 14) to base 5.
-2013144123
Convert -1010111110000010100001 (base 2) to base 13.
-798b15
Convert -b20e (base 15) to base 5.
-2200324
What is -15220465 (base 8) in base 7?
-41411224
What is 104131103 (base 5) in base 4?
1233320212
What is -51445 (base 13) in base 3?
-21101220121
What is 110110111001100110 (base 2) in base 7?
1624412
What is -4446492 (base 10) in base 2?
-10000111101100100011100
Convert 20005 (base 15) to base 13.
3711b
What is 800b9 (base 13) in base 2?
110111110100100000
43254001 (base 6) to base 4
10321020301
Convert -4336 (base 9) to base 12.
-1a20
1497871 (base 11) to base 6
130454041
-101110110000010101101 (base 2) to base 6
-52500541
What is -86b74 (base 14) in base 12?
-13882a
What is 121369 (base 11) in base 12?
93206
Convert 10200123 (base 4) to base 6.
221243
What is -1021101130 (base 6) in base 9?
-22106030
Convert 133977 (base 11) to base 2.
110011010011011100
Convert -129241b (base 12) to base 10.
-3674327
-120e9 (base 16) to base 15
-16dab
Convert 88220 (base 11) to base 3.
20111122020
Convert -2dded4 (base 15) to base 6.
-115400431
1570273 (base 8) to base 13
12c04c
What is -2107667 (base 9) in base 16?
-11349d
Convert 2217107 (base 8) to base 9.
1110642
Convert 20011002121200 (base 3) to base 9.
6132550
-14584553 (base 9) to base 13
-167257b
What is -1000110000001111 (base 2) in base 5?
-2121410
-4510132 (base 6) to base 4
-313120220
What is -107547 (base 14) in base 16?
-883fb
What is 568382 (base 9) in base 15?
6ae75
-2a4383 (base 14) to base 15
-1e0ee2
Convert 62174 (base 11) to base 12.
445b2
What is -252482 (base 15) in base 11?
-1006091
Convert -1000111001101011111111 (base 2) to base 14.
-44a543
-879170 (base 11) to base 6
-50023412
15163a (base 15) to base 16
f85c0
-442343031 (base 5) to base 7
-22210225
12477465 (base 8) to base 11
1632519
Convert 322457 (base 9) to base 16.
2ee67
Convert -8c04cf (base 16) to base 5.
-4322120041
What is -15126101 (base 7) in base 15?
-1d5505
What is -6021373 (base 8) in base 6?
-53523123
1101111001110000110010 (base 2) to base 8
15716062
What is 196431 (base 10) in base 14?
5182b
What is 29993a1 (base 11) in base 6?
302033255
Convert 186545 (base 11) to base 12.
119b97
What is cb1af (base 16) in base 4?
3023012233
100111111111101100001 (base 2) to base 7
14065610
Convert -30231102 (base 4) to base 9.
-78353
What is 1794370 (base 13) in base 9?
15423754
-1220222 (base 5) to base 16
-5a93
What is -a9268b (base 14) in base 11?
-3264682
Convert -b7ec2 (base 16) to base 6.
-24051414
2cb212 (base 14) to base 7
16215122
Convert -247714 (base 9) to base 16.
-24a09
Convert 3210202 (base 6) to base 13.
56546
Convert 11c11a (base 15) to base 14.
18207c
1153173 (base 10) to base 8
4314225
-13640477 (base 8) to base 14
-5a886b
Convert 48be3b (base 15) to base 8.
15222317
Convert 5e0d04 (base 15) to base 8.
21145612
What is 35440 (base 11) in base 15?
10221
Convert 244116 (base 11) to base 10.
386128
Convert 19046a (base 12) to base 5.
102423424
Convert 120266 (base 7) to base 6.
244415
-1221112221 (base 3) to base 1